 - 348. What is y(-10)?
-298
Let b(l) = -41*l**3 - 451*l**2 + 3067*l + 33733. Calculate b(-11).
-4
Let n(r) = 10642*r - 10579. What is n(1)?
63
Let p(q) = -q**3 + 243*q**2 - 432*q + 46011. What is p(242)?
31
Let g(j) = 2*j**2 + 1010*j + 117488. Determine g(-323).
-84
Let t(a) = 2*a**2 - 171*a + 3587. Calculate t(49).
10
Let y(x) = -2834*x + 1570064. Determine y(554).
28
Let n(p) = -p**3 - 74*p**2 + 650*p + 52. Determine n(8).
4
Let w(t) = -50*t**3 - 3*t + 1. What is w(-3)?
1360
Let z(w) = -57*w**2 - 43*w + 345. What is z(6)?
-1965
Let f(q) = q**3 - 246*q**2 + 493*q - 1235. Determine f(244).
-15
Let t(j) = 313*j**2 - 102*j + 627. Calculate t(4).
5227
Let n(g) = 35*g**2 + 63*g - 75. Give n(-7).
1199
Let u(p) = -212*p**2 - 34331*p + 2107. What is u(-162)?
1
Let k(p) = p**3 + 13*p**2 + 49*p + 37. Give k(-16).
-1515
Let g(v) = -4*v**3 - 17*v**2 + 61*v + 71. What is g(-8)?
543
Let z(c) = 242159*c - 26879659. Determine z(111).
-10
Let u(w) = -48*w**3 + 431*w**2 + 13*w + 75. Calculate u(9).
111
Let y(a) = a**3 - 253*a**2 + 448*a + 13238. Give y(251).
-316
Let f(j) = j**3 + 12*j**2 + 25*j + 640. Determine f(-9).
658
Let s(b) = -1546*b + 21653. What is s(14)?
9
Let c(v) = 150*v - 837. What is c(6)?
63
Let x(q) = q**3 - 261*q**2 + 784*q - 27. What is x(3)?
3
Let l(o) = -262*o - 3034. Give l(-9).
-676
Let b(a) = 2*a**3 + 38*a**2 + 148*a - 327. Calculate b(-10).
-7
Let z(j) = -6485*j + 64832. Determine z(10).
-18
Let f(q) = -121390*q + 1699432. Calculate f(14).
-28
Let m(q) = -2864*q - 60067. What is m(-21)?
77
Let f(a) = 4697*a + 723295. What is f(-154)?
-43
Let r(u) = 9686*u**2 + 19397*u + 41. What is r(-2)?
-9
Let q(r) = 821*r**2 - 2480*r + 28. Give q(3).
-23
Let r(m) = -10*m**3 + 640*m**2 + 44*m - 2823. Calculate r(64).
-7
Let p(q) = -6832*q + 1598686. Calculate p(234).
-2
Let g(r) = -12*r**2 - 296*r + 30. Calculate g(-27).
-726
Let j(s) = 11*s**2 + 545*s + 294. Give j(-48).
-522
Let v(g) = -6*g**3 - 1502*g**2 - 507*g - 1526. Calculate v(-250).
224
Let o(u) = -2068*u**2 - 80*u - 1. Determine o(0).
-1
Let s(y) = 4870*y + 1874951. Calculate s(-385).
1
Let d(z) = -z**2 + 899*z + 8139. Calculate d(-9).
-33
Let v(t) = 4*t**2 - 90*t - 587. Give v(30).
313
Let g(f) = -f**2 + 1558*f - 82705. Determine g(55).
-40
Let r(o) = 57*o - 1918. Determine r(14).
-1120
Let z(t) = -3978*t - 31929. What is z(-8)?
-105
Let r(z) = -3*z**3 - 61*z**2 - 45*z + 159. What is r(-19)?
-430
Let s(k) = 163*k**2 - 23960*k - 138. What is s(147)?
9
Let f(q) = -204*q**2 - 1665*q - 231. Calculate f(-8).
33
Let t(j) = -j**3 - 122*j**2 + 261*j + 1759. What is t(-124)?
147
Let v(h) = -124*h**2 - 11035*h + 88. Determine v(-89).
-1
Let g(t) = 164*t**2 - 1024*t + 4114. Calculate g(4).
2642
Let u(q) = 119*q + 1506. Determine u(-16).
-398
Let g(z) = 77919*z - 4051770. Give g(52).
18
Let t(p) = -2*p**2 + 2660*p - 62691. What is t(24)?
-3
Let c(h) = 123*h**2 - 163*h + 8. Determine c(2).
174
Let i(n) = -5*n**2 - 10156*n - 40550. What is i(-4)?
-6
Let h(f) = f**2 - 571*f - 4042. What is h(-7)?
4
Let m(o) = 19*o**2 + 109*o - 125. Give m(-7).
43
Let l(u) = 36*u**2 - 1208*u - 68632. Determine l(-30).
8
Let z(i) = 1153*i - 11620. Determine z(13).
3369
Let f(i) = i**2 + 205*i - 2229. Calculate f(11).
147
Let n(g) = -g**3 - 295*g**2 - 885*g - 2622. What is n(-292)?
6
Let o(a) = -31201*a + 31201. Determine o(1).
0
Let n(t) = 2*t**2 - 1444*t + 40168. What is n(29)?
-26
Let z(c) = 83*c**2 - 265*c - 603. Determine z(-2).
259
Let y(i) = -2*i**3 - 374*i**2 + 19*i + 3776. What is y(-187)?
223
Let l(j) = -j**3 - 319*j**2 + 8223*j - 3101. Calculate l(-343).
-14
Let z(n) = -n**3 + 45*n**2 - 268*n - 2007. Calculate z(36).
9
Let u(d) = d**3 - 19*d**2 - 20*d + 319. Calculate u(19).
-61
Let i(t) = -15*t**2 - 360*t - 28. Determine i(-24).
-28
Let f(q) = -5*q**2 - 1044*q + 8707. Give f(8).
35
Let z(w) = -5649*w - 113016. What is z(-20)?
-36
Let m(j) = -56*j + 684. What is m(38)?
-1444
Let n(y) = -28*y**2 - 351*y - 180. Give n(-12).
0
Let o(s) = 594*s - 9108. Give o(17).
990
Let g(z) = -3*z + 3593. Give g(94).
3311
Let b(v) = 256867*v + 2054610. What is b(-8)?
-326
Let v(c) = 9*c**2 + 161*c - 1400. What is v(7)?
168
Let h(r) = 5*r**2 - 72*r - 747. Determine h(-10).
473
Let h(m) = m**2 - 13544*m - 149135. Give h(-11).
-30
Let a(f) = -f**3 - 55*f**2 - 16*f - 1701. What is a(-55)?
-821
Let u(h) = h**2 - 2038*h - 32874. What is u(-16)?
-10
Let b(s) = 33*s**2 - 710*s - 67. What is b(22)?
285
Let u(s) = -4*s**2 - 1180*s - 24029. Calculate u(-22).
-5
Let g(t) = 2*t**2 + 1490*t + 9019. Give g(-6).
151
Let s(i) = 185*i + 3398. Give s(-18).
68
Let z(l) = 7930*l**2 - 253758*l - 22. Give z(32).
42
Let w(t) = t**2 + 485*t - 346318. What is w(394)?
8
Let z(o) = 3*o**2 + 210*o - 13646. Determine z(41).
7
Let h(x) = 98076*x + 196112. Determine h(-2).
-40
Let z(i) = -2*i**3 - 53*i**2 + 293*i + 2580. Determine z(-30).
90
Let l(m) = -m**3 - 228*m**2 - 6004*m + 3191. Calculate l(-31).
-2
Let z(h) = -2518*h**2 - 87*h + 87. Give z(1).
-2518
Let l(m) = 24*m**2 + 503*m - 1107. What is l(2)?
-5
Let q(z) = 6000*z - 59982. Calculate q(10).
18
Let i(g) = g**3 - 19*g**2 + 39*g - 371. Calculate i(20).
809
Let b(f) = 4548369*f - 31838580. Determine b(7).
3
Let l(i) = 122*i**3 - 3*i**2 + 10*i + 22. Calculate l(-2).
-986
Let y(d) = -160*d**2 - 167995*d + 5259. What is y(-1050)?
9
Let i(f) = 52458*f + 157205. Give i(-3).
-169
Let h(g) = 3*g**2 + 122*g + 117. Calculate h(-34).
-563
Let u(s) = s**3 - 683*s**2 + 49800*s - 122. Determine u(83).
-122
Let s(a) = 188117*a - 564438. What is s(3)?
-87
Let o(q) = 562*q - 2746. What is o(9)?
2312
Let i(f) = f**3 + 219*f**2 + 3557*f - 1119. Determine i(-18).
-21
Let f(d) = 2284*d - 308198. Give f(135).
142
Let u(g) = 5*g**2 + 3079*g + 325916. Calculate u(-480).
-4
Let o(y) = y**3 + 40*y**2 - 464*y - 330. Give o(-49).
797
Let a(i) = -i**3 + 19*i**2 + 53968*i + 277. Calculate a(-223).
-169
Let o(m) = 2*m**3 + 2254*m**2 + 153*m + 172420. What is o(-1127)?
-11
Let l(z) = 2*z**2 - 3068*z + 387871. What is l(139)?
61
Let b(d) = -d**2 - 256*d - 8340. Calculate b(-218).
-56
Let i(b) = b**3 + 87*b**2 + 467*b + 40445. Calculate i(-87).
-184
Let p(y) = -106*y**2 + 631*y + 21. What is p(6)?
-9
Let u(f) = -f**2 + 39145*f - 273971. What is u(7)?
-5
Let i(g) = 11*g**2 + 39*g - 218. What is i(-5)?
-138
Let x(w) = w**3 - 60*w**2 + 123*w - 414. Calculate x(57).
-3150
Let z(i) = -411185*i - 1233594. What is z(-3)?
-39
Let a(t) = -3*t**2 - 310185*t - 3721794. Determine a(-12).
-6
Let g(h) = -1505*h + 3118. Give g(2).
108
Let f(r) = 1579*r + 61853. Calculate f(-39).
272
Let p(z) = -62*z**3 - 317*z**2 - 3155*z - 15598. Give p(-5).
2
Let h(f) = -2*f**2 - 239*f - 47. Determine h(0).
-47
Let o(l) = -2107*l - 9464. Give o(-4).
-1036
Let b(z) = -2*z**2 + 7565*z - 2923963. Calculate b(437).
4
Let z(q) = 230*q - 19908. Determine z(88).
332
Let w(l) = -l**3 + 73*l**2 - 575*l - 543. Give w(10).
7
Let k(x) = 1430*x**2 + 137*x + 138. Determine k(-1).
1431
Let x(y) = 383*y**2 - 381*y + 1154. Give x(3).
3458
Let v(k) = -2*k**3 - 110*k**2 + 481*k - 23991. Give v(-62).
3
Let l(n) = -8*n**2 - 1103*n - 12195. Calculate l(-12).
-111
Let m(b) = 2*b**3 - 6*b**2 - 14928*b + 89557. Calculate m(6).
205
Let t(a) = -a**3 + 27*a**2 + 390*a - 6374. Calculate t(33).
-38
Let o(y) = 26917*y + 834411. Calculate o(-31).
-16
Let s(o) = o**2 + 15160*o + 257449. Calculate s(-17).
18
Let h(x) = x**3 - 122*x**2 + 1883*x - 1140. Calculate h(104).
4
Let q(y) = -y**2 - 1145*y + 19539. Calculate q(17).
-215
Let b(z) = -z**3 - 311*z**2 + 2756*z - 145730. Determine b(-321).
4
Let w(j) = 1926*j + 90518. Give w(-47).
-4
Let p(m) = -42*m**2 - 2190*m - 6458. Determine p(-49).
10
Let b(p) = p**3 + 4*p**2 - 1137*p - 13962. Give b(-14).
-4
Let k(h) = h**3 - 27*h**2 - 688*h - 65. What is k(43)?
-65
Let m(k) = 5*k**2 + 13682*k - 109754. Give m(8).
22
Let n(q) = 10924*q**2 - 393261*q - 87. Calculate n(36).
21
Let p(m) = -112*m**2 + 1585*m - 71. Give p(14).
167
Let n(y) = -164*y - 1448. What is n(-12)?
520
Let d(k) = -67*k**2 + 591*k + 2351. What is d(-4)?
-1085
Let z(o) = 13*o**2 + 424*o - 2910. What is z(7)?
695
Let g(i) = 212*i + 4435. What is g(-16)?
1043
Let n(d) = -62*d + 9558. What is n(153)?
72
Let j(s) = 2*s**3 - 28*s**2 - 166*s + 36. Determine j(18).
-360
Let s(v) = 2*v**3 + 24